mmon divisor of 28446 and 11?
11
Calculate the highest common factor of 6350 and 143002.
254
What is the greatest common factor of 138 and 255047?
23
What is the greatest common divisor of 894979 and 17397?
1933
What is the greatest common divisor of 175 and 8725?
25
What is the greatest common divisor of 33 and 501765?
33
What is the greatest common factor of 134 and 587188?
134
What is the highest common factor of 40 and 673900?
20
Calculate the highest common factor of 327566 and 506.
46
What is the greatest common factor of 1469 and 25877?
113
Calculate the highest common divisor of 42146 and 78.
26
What is the greatest common factor of 3757759 and 1087?
1087
Calculate the highest common divisor of 1 and 54647.
1
Calculate the greatest common divisor of 24644 and 42824.
404
What is the highest common factor of 188262 and 270?
18
What is the greatest common divisor of 234 and 290286?
18
Calculate the greatest common factor of 1510249 and 299.
299
What is the greatest common divisor of 410 and 710?
10
Calculate the highest common factor of 11 and 692857.
11
Calculate the highest common factor of 4056 and 239980.
676
What is the greatest common factor of 5960 and 62920?
40
Calculate the greatest common factor of 2112 and 1232176.
176
What is the greatest common divisor of 22 and 5886067?
11
Calculate the highest common factor of 6394 and 58236.
46
What is the greatest common factor of 1269 and 320493?
141
Calculate the greatest common factor of 975 and 35750.
325
Calculate the greatest common factor of 140 and 46851.
7
What is the highest common factor of 567 and 42399?
63
What is the highest common divisor of 1121 and 21736?
19
What is the greatest common factor of 164580 and 26?
26
What is the greatest common divisor of 411232 and 181?
181
Calculate the highest common factor of 651 and 82770.
93
What is the greatest common factor of 31922 and 44?
22
Calculate the highest common divisor of 5882 and 442.
34
What is the greatest common divisor of 41291 and 471?
157
What is the highest common factor of 18588 and 2028?
12
What is the highest common factor of 1903664 and 48?
16
What is the highest common divisor of 62 and 36177?
31
Calculate the greatest common divisor of 405 and 6345.
135
Calculate the greatest common factor of 17 and 36227.
17
What is the greatest common factor of 1355 and 1165?
5
Calculate the greatest common factor of 137 and 70555.
137
Calculate the greatest common factor of 1736 and 189.
7
Calculate the greatest common divisor of 3 and 4652.
1
What is the greatest common divisor of 516 and 48246?
258
Calculate the highest common factor of 690 and 10695.
345
Calculate the greatest common factor of 119924 and 224.
28
Calculate the highest common divisor of 180 and 1689480.
180
Calculate the greatest common divisor of 104 and 629811.
13
Calculate the greatest common divisor of 2047 and 25162.
23
What is the highest common factor of 2198 and 2826?
314
What is the greatest common factor of 58 and 147958?
58
What is the highest common factor of 1258720 and 40?
40
What is the greatest common divisor of 341 and 3619?
11
Calculate the highest common factor of 366254 and 28.
14
Calculate the highest common factor of 6136 and 104.
104
What is the highest common divisor of 65079 and 9513?
63
What is the highest common divisor of 252 and 3292044?
84
Calculate the highest common divisor of 516 and 71294.
86
Calculate the greatest common divisor of 98 and 127106.
98
Calculate the highest common divisor of 266980 and 140.
140
What is the greatest common factor of 187500 and 1680?
60
Calculate the greatest common factor of 844 and 373892.
844
Calculate the greatest common divisor of 4652 and 8.
4
What is the greatest common divisor of 1632 and 2240?
32
What is the greatest common divisor of 20041 and 2009?
49
What is the greatest common divisor of 2484204 and 24?
12
Calculate the highest common divisor of 2968 and 583.
53
Calculate the highest common divisor of 235816 and 112.
56
What is the highest common divisor of 36181 and 388?
97
What is the greatest common factor of 266197 and 1108?
277
What is the greatest common divisor of 419580 and 648?
324
Calculate the greatest common factor of 32526 and 3204.
18
What is the highest common factor of 279 and 2821?
31
Calculate the greatest common factor of 438 and 150088.
146
What is the highest common factor of 570 and 54060?
30
What is the highest common factor of 152 and 83087?
19
What is the greatest common divisor of 1711392 and 32?
32
What is the highest common factor of 297836 and 28?
28
What is the highest common factor of 945268 and 34?
34
What is the highest common divisor of 8058 and 82002?
474
Calculate the highest common factor of 3875 and 62155.
155
Calculate the greatest common factor of 371 and 23350369.
371
Calculate the greatest common divisor of 3249 and 189.
9
What is the greatest common divisor of 18 and 34674?
6
Calculate the highest common factor of 8094246 and 282.
282
What is the highest common factor of 252 and 4?
4
Calculate the greatest common divisor of 19454 and 1918.
274
Calculate the greatest common factor of 28868 and 168.
28
What is the greatest common divisor of 52 and 12246?
26
Calculate the highest common factor of 1034 and 79728.
22
Calculate the highest common factor of 269410 and 290.
290
What is the highest common factor of 31490 and 12502?
94
Calculate the greatest common divisor of 1771 and 15400.
77
Calculate the greatest common factor of 23353920 and 680.
680
What is the highest common divisor of 222 and 866355?
111
What is the greatest common factor of 71649 and 45?
9
Calculate the greatest common divisor of 20 and 93580.
20
What is the highest common factor of 200 and 27320?
40
What is the greatest common factor of 188280 and 720?
360
Calculate the highest common divisor of 144 and 333.
9
What is the highest common factor of 130 and 6490?
10
What is the highest common divisor of 9504 and 6816?
96
Calculate the greatest common divisor of 31185 and 1620.
405
Calculate the highest common divisor of 3127 and 122956.
59
Calculate the highest common divisor of 207775 and 100.
25
What is the greatest common factor of 423390 and 220?
110
What is the greatest common factor of 392 and 1784?
8
Calculate the highest common divisor of 9160 and 320.
40
Calculate the greatest common factor of 46644 and 276.
276
What is the greatest common factor of 7995 and 22919?
533
What is the greatest common divisor of 814456 and 4?
4
What is the highest common divisor of 331848 and 41976?
792
Calculate the greatest common divisor of 213 and 773403.
213
Calculate the highest common factor of 28583 and 707.
101
What is the highest common factor of 5005 and 183645?
385
What is the highest common factor of 352 and 271568?
176
Calculate the greatest common divisor of 1965 and 390.
15
What is the highest common factor of 134 and 524074?
134
Calculate the highest common divisor of 13727 and 518.
259
Calculate the greatest common factor of 72 and 23292.
36
What is the greatest common factor of 2 and 206686?
2
What is the highest common divisor of 30 and 3936090?
30
Calculate the highest common divisor of 81 and 179001.
9
What is the greatest common divisor of 5230 and 26?
2
Calculate the highest common divisor of 10021 and 4466.
11
Calculate the highest common factor of 9750 and 12250.
250
What is the greatest common factor of 252 and 529524?
36
What is the greatest common factor of 2736 and 1773612?
684
Calculate the greatest common factor of 19798 and 38.
38
Calculate the greatest common factor of 4335 and 870.
15
Calculate the greatest common divisor of 18 and 1205532.
18
What is the highest common divisor of 60 and 7044?
12
Calculate the greatest common factor of 32178 and 62626.
346
What is the highest common factor of 34 and 33320?
34
Calculate the highest common divisor of 312 and 389896.
104
What is the highest common divisor of 82283 and 321?
107
What is the greatest common divisor of 620 and 1020?
20
What is the greatest common divisor of 578 and 22287?
17
Calculate the greatest common divisor of 14 and 32354.
14
Calculate the highest common factor of 92962 and 318.
106
Calculate the greatest common divisor of 22 and 26746.
2
What is the greatest common factor of 26541 